{"id":115,"date":"2019-12-01T20:16:45","date_gmt":"2019-12-01T19:16:45","guid":{"rendered":"https:\/\/schmelzmanufaktur.de\/?page_id=115"},"modified":"2022-01-29T12:15:55","modified_gmt":"2022-01-29T11:15:55","slug":"der-ultimative-3d-drucker","status":"publish","type":"page","link":"https:\/\/schmelzmanufaktur.de\/index.php\/der-ultimative-3d-drucker\/","title":{"rendered":"Der ultimative 3D Drucker"},"content":{"rendered":"\n<div class=\"wp-block-columns is-layout-flex wp-container-core-columns-is-layout-1 wp-block-columns-is-layout-flex\">\n<div class=\"wp-block-column is-layout-flow wp-block-column-is-layout-flow\">\n<figure class=\"wp-block-image size-full\"><img loading=\"lazy\" decoding=\"async\" width=\"1368\" height=\"1824\" src=\"https:\/\/schmelzmanufaktur.de\/wp-content\/uploads\/2019\/12\/IMG_20191207_092535.png\" alt=\"\" class=\"wp-image-160\" srcset=\"https:\/\/schmelzmanufaktur.de\/wp-content\/uploads\/2019\/12\/IMG_20191207_092535.png 1368w, https:\/\/schmelzmanufaktur.de\/wp-content\/uploads\/2019\/12\/IMG_20191207_092535-450x600.png 450w, https:\/\/schmelzmanufaktur.de\/wp-content\/uploads\/2019\/12\/IMG_20191207_092535-768x1024.png 768w, https:\/\/schmelzmanufaktur.de\/wp-content\/uploads\/2019\/12\/IMG_20191207_092535-1152x1536.png 1152w\" sizes=\"auto, (max-width: 767px) 89vw, (max-width: 1000px) 54vw, (max-width: 1071px) 543px, 580px\" \/><\/figure>\n<\/div>\n\n\n\n<div class=\"wp-block-column is-layout-flow wp-block-column-is-layout-flow\">\n<p>Es sollte der ultimative 3D Drucker werden. Das Ergebnis kann sich sehen lassen. Das Schmelzwerk V1 ist fertig.<\/p>\n\n\n\n<p>Der Druckkopf kann bis auf 330 mm\/s beschleunigt werden, um Leerfahrten so kurz wie m\u00f6glich zu halten.<\/p>\n\n\n\n<p>Angetrieben von einem Duet Wifi werden Druckauftr\u00e4ge mit einem 32bit Prozessor leise und pr\u00e4zise ausgef\u00fchrt. <\/p>\n<\/div>\n<\/div>\n\n\n\n<div class=\"wp-block-columns is-layout-flex wp-container-core-columns-is-layout-2 wp-block-columns-is-layout-flex\">\n<div class=\"wp-block-column is-layout-flow wp-block-column-is-layout-flow\"><\/div>\n<\/div>\n\n\n\n<div class=\"wp-block-group\"><div class=\"wp-block-group__inner-container is-layout-flow wp-block-group-is-layout-flow\">\n<h2 class=\"wp-block-heading\" id=\"warum-schmelzwerk\">Warum Schmelzwerk<\/h2>\n\n\n\n<p>Viele OpenSource Drucker und auch Produkte namenhafter Hersteller haben immer wieder kleine Schwachpunkte in der Mechanik oder der allgemeinen Konstruktion. Beispielsweise befinden sich  Motoren  innerhalb des Druckraums und werden zu hei\u00df oder die Riemenf\u00fchrung ist an den Endpunkten nicht parallel, sodass es zu Verzerrungen kommt.<\/p>\n\n\n\n<p> Das Schmelzwerk vermeidet viele Probleme bereits durch das CoreXY- Antriebskonzept.  <\/p>\n\n\n\n<h2 class=\"wp-block-heading\" id=\"fur-wen-ist-dieser-drucker-geeignet\">F\u00fcr Wen ist dieser Drucker geeignet<\/h2>\n\n\n\n<p>Der Drucker wendet sich an den ambitionierten 3D Drucker Enthusiasten. Achtsamkeit und Genauigkeit im Aufbau ist erforderlich, damit sp\u00e4ter alles gut funktioniert. Wer aber mit Schraubendrehern, Feilen, Bohrer, Gewindeschneider und Crimpzange umgehen kann wird viel Freude an diesem Drucker haben.<\/p>\n\n\n\n<h2 class=\"wp-block-heading\" id=\"technische-highlights\">Technische Highlights<\/h2>\n\n\n\n<h3 class=\"wp-block-heading\" id=\"mechanik\">Mechanik<\/h3>\n\n\n\n<ul class=\"wp-block-list\"><li> Minimale bewegte Masse.  Durch die CoreXY-Bauweise und die Druckbettausrichtung wird die bewegte Masse -nur die X Achse mit Druckkopf &#8211; auf ein Minimum reduziert. Dadurch sind enorm hohe Beschleunigungen (bis 5000 mm\/s\u00b2) m\u00f6glich<\/li><li>Optimale Kombination von hoher Endgeschwindigkeit (330mm\/s) und Genauigkeit durch Kombination von NEMA 17 &#8211; 0.9\u00b0 Schrittmotoren und Riemenscheiben.<\/li><li> Gro\u00dfes Druckvolumen (LxBxH) von 410mm x 275mm x 290mm)<\/li><li> E3D Kraken mit 4 Hot-Ends<\/li><li> Alle Riemen befinden sich im relevanten Druckbereich auf einer Ebene. Dadurch gibt es keine Drehmomente am Druckkopf w\u00e4hrend der Beschleunigung<\/li><li>Keine Vibrationen durch Riemen, die mit der Zahnseite \u00fcber Kugellager rollen. Durch die Riemenf\u00fchrung wird der Riemen mit der R\u00fcckseite umgelenkt und nur an 2 Stellen (+2x Motorantriebe) \u00fcber Riemenscheiben gelenkt. Dies reduziert auch die Kosten, da Kugellager g\u00fcnstiger sind als Riemenscheiben.<\/li><li>Riemenspannvorrichtung  im Druckkopf integriert<\/li><li> Qualit\u00e4tsriemen von Maedler (HTD-3M) mit 9mm Breite bieten hohe Stellgenauigkeit und leiden nur wenig unter L\u00e4ngung <\/li><li> Sehr starre Rahmenkonstruktion (teilweise 60x30mm Aluprofile) sorgt f\u00fcr Genauigkeit <\/li><li>Riemen werden um die Konstruktion herum gelenkt. Die meisten Bauteile werden durch den Riemen an die Rahmenkonstruktion gedr\u00fcckt.<\/li><li> <span style=\"font-size: 1rem;\">Wassergek\u00fchltes Hotend: Ungew\u00fcnschte Luftstr\u00f6mung w\u00e4hrend des Druckes wird minimiert<\/span><\/li><li>K\u00fchlung: Ben\u00f6tigt das Material K\u00fchlung, wird Au\u00dfenluft \u00fcber einen Schlauch zugef\u00fchrt. Dadurch ist die K\u00fchlung besonders effektiv<\/li><li>Filamentzuf\u00fchrung von oben: Dadurch wird im Bowden m\u00f6glichst wenig Reibung aufgebaut, sodass relativ wenig Retraction n\u00f6tig ist. Damit k\u00f6nnen auch flexible Materialien gedruckt werden.<\/li><\/ul>\n\n\n\n<h2 class=\"wp-block-heading\" id=\"hardware-elektronik\">Hardware \/ Elektronik<\/h2>\n\n\n\n<ul class=\"wp-block-list\"><li>Duet Wifi mit Duet5X Expansion<\/li><li>Vorkonfiguriertes Profil f\u00fcr den Cura Slicer<\/li><li> Bedienung \u00fcber Duet3D Webinterface<\/li><li> Bettheizung 600W \u00fcber Solid State Relais <\/li><li> Sicherheit: Der Stromkreis f\u00fcr den gesamten Drucker wird \u00fcber ein Halte-Relais geschaltet. Im Stromkreis sind mehrere temperatursensitive Schalter eingebaut, die den gesamten Drucker abschalten sollte ein Schwellwert \u00fcberschritten werden. Dies gilt z.B. f\u00fcr das Heizbett, den Druckkopf oder das Elektronik-Kompartment<\/li><li> Lebensdauer der Motoren: Alle Motoren befinden sich au\u00dferhalb des Druckraums sodass Abw\u00e4rme auch abgef\u00fchrt werden kann. <\/li><\/ul>\n\n\n\n<h3 class=\"wp-block-heading\" id=\"software\">Software<\/h3>\n\n\n\n<ul class=\"wp-block-list\"><li>Vorkonfiguriertes Profil f\u00fcr den Cura Slicer<\/li><li>Nahtloser Workflow: Vom Slicer aus kann der Druck sofort gestartet werden<\/li><li>Bedienung \u00fcber Duet3D Webinterface <\/li><\/ul>\n<\/div><\/div>\n\n\n\n<h2 class=\"wp-block-heading\" id=\"das-schmelzwerk-in-aktion\">Das Schmelzwerk in Aktion<\/h2>\n\n\n\n<figure class=\"wp-block-video aligncenter\"><video controls src=\"https:\/\/schmelzmanufaktur.de\/wp-content\/uploads\/2019\/12\/VID_20191201_104328-1.mp4\"><\/video><figcaption>80mm\/s gyroid infill &#8211; 60mm\/s perimeter<\/figcaption><\/figure>\n\n\n\n<p><a href=\"https:\/\/schmelzmanufaktur.de\/index.php\/renderings-der-schmelzwerk-mechanik\/\">Hier <\/a>gibt es technische Renderings der gesamten Mechanik.<\/p>\n\n\n\n\t<div class=\"dkpdf-button-container\" style=\"            text-align:right \">\n\n\t\t<a class=\"dkpdf-button\" href=\"\/index.php\/wp-json\/wp\/v2\/pages\/115?pdf=115\" target=\"_blank\"><span class=\"dkpdf-button-icon\"><i class=\"fa fa-file-pdf-o\"><\/i><\/span> Export PDF<\/a>\n\n\t<\/div>\n\n\n\n\n\n","protected":false},"excerpt":{"rendered":"<p>Es sollte der ultimative 3D Drucker werden. Das Ergebnis kann sich sehen lassen. Das Schmelzwerk V1 ist fertig. Der Druckkopf kann bis auf 330 mm\/s beschleunigt werden, um Leerfahrten so kurz wie m\u00f6glich zu halten. Angetrieben von einem Duet Wifi werden Druckauftr\u00e4ge mit einem 32bit Prozessor leise und pr\u00e4zise ausgef\u00fchrt. Warum Schmelzwerk Viele OpenSource Drucker &hellip; <\/p>\n<p class=\"link-more\"><a href=\"https:\/\/schmelzmanufaktur.de\/index.php\/der-ultimative-3d-drucker\/\" class=\"more-link\"><span class=\"screen-reader-text\">\u201eDer ultimative 3D Drucker\u201c <\/span>weiterlesen<\/a><\/p>\n","protected":false},"author":5,"featured_media":0,"parent":0,"menu_order":0,"comment_status":"closed","ping_status":"closed","template":"","meta":{"_bbp_topic_count":0,"_bbp_reply_count":0,"_bbp_total_topic_count":0,"_bbp_total_reply_count":0,"_bbp_voice_count":0,"_bbp_anonymous_reply_count":0,"_bbp_topic_count_hidden":0,"_bbp_reply_count_hidden":0,"_bbp_forum_subforum_count":0,"footnotes":""},"class_list":["post-115","page","type-page","status-publish","hentry"],"_links":{"self":[{"href":"https:\/\/schmelzmanufaktur.de\/index.php\/wp-json\/wp\/v2\/pages\/115","targetHints":{"allow":["GET"]}}],"collection":[{"href":"https:\/\/schmelzmanufaktur.de\/index.php\/wp-json\/wp\/v2\/pages"}],"about":[{"href":"https:\/\/schmelzmanufaktur.de\/index.php\/wp-json\/wp\/v2\/types\/page"}],"author":[{"embeddable":true,"href":"https:\/\/schmelzmanufaktur.de\/index.php\/wp-json\/wp\/v2\/users\/5"}],"replies":[{"embeddable":true,"href":"https:\/\/schmelzmanufaktur.de\/index.php\/wp-json\/wp\/v2\/comments?post=115"}],"version-history":[{"count":24,"href":"https:\/\/schmelzmanufaktur.de\/index.php\/wp-json\/wp\/v2\/pages\/115\/revisions"}],"predecessor-version":[{"id":385,"href":"https:\/\/schmelzmanufaktur.de\/index.php\/wp-json\/wp\/v2\/pages\/115\/revisions\/385"}],"wp:attachment":[{"href":"https:\/\/schmelzmanufaktur.de\/index.php\/wp-json\/wp\/v2\/media?parent=115"}],"curies":[{"name":"wp","href":"https:\/\/api.w.org\/{rel}","templated":true}]}}